{"id":607,"date":"2020-10-06T16:17:00","date_gmt":"2020-10-06T14:17:00","guid":{"rendered":"https:\/\/wundpraxis-biel.ch\/?page_id=607"},"modified":"2025-12-01T08:32:40","modified_gmt":"2025-12-01T07:32:40","slug":"mesures-de-prevention-contre-le-covid-19","status":"publish","type":"page","link":"https:\/\/wundpraxis-biel.ch\/fr\/mesures-de-prevention-contre-le-covid-19\/","title":{"rendered":"En cas de sympt\u00f4mes de rhume, veuillez noter"},"content":{"rendered":"<div class=\"wpb-content-wrapper\"><p>[vc_row][vc_column width=\u00a0\u00bb2\/3&Prime;][vc_column_text css=\u00a0\u00bb\u00a0\u00bb]<\/p>\n<p class=\"kein-abstand\"><strong>Mesures de pr\u00e9vention contre les rhume ainsi que la grippe et les infections au COVID-19.<\/strong><\/p>\n<p>&nbsp;<\/p>\n<p><strong>En cas de sympt\u00f4mes de rhume, nous vous prions de porter un masque et de vous d\u00e9sinfecter les mains.<\/strong><\/p>\n<p>Nous vous remercions de votre compr\u00e9hension\u00a0!<\/p>\n<p>Susanne Wigger[\/vc_column_text][\/vc_column][vc_column width=\u00a0\u00bb1\/3&Prime;][\/vc_column][\/vc_row]<\/p>\n<\/div>","protected":false},"excerpt":{"rendered":"<p>[vc_row][vc_column width=\u00a0\u00bb2\/3&Prime;][vc_column_text css=\u00a0\u00bb\u00a0\u00bb] Mesures de pr\u00e9vention contre les rhume ainsi que la grippe et les infections au COVID-19. &nbsp; En cas de sympt\u00f4mes de rhume, nous vous prions de porter un masque et de vous d\u00e9sinfecter les mains. Nous vous remercions de votre compr\u00e9hension\u00a0! Susanne Wigger[\/vc_column_text][\/vc_column][vc_column width=\u00a0\u00bb1\/3&Prime;][\/vc_column][\/vc_row]<\/p>\n","protected":false},"author":2,"featured_media":663,"parent":0,"menu_order":40,"comment_status":"closed","ping_status":"closed","template":"","meta":{"footnotes":""},"class_list":["post-607","page","type-page","status-publish","has-post-thumbnail"],"yoast_head":"<!-- This site is optimized with the Yoast SEO plugin v27.0 - https:\/\/yoast.com\/product\/yoast-seo-wordpress\/ -->\n<title>En cas de sympt\u00f4mes de rhume, veuillez noter &#8211; Wundpraxis Biel<\/title>\n<meta name=\"robots\" content=\"index, follow, max-snippet:-1, max-image-preview:large, max-video-preview:-1\" \/>\n<link rel=\"canonical\" href=\"https:\/\/wundpraxis-biel.ch\/fr\/mesures-de-prevention-contre-le-covid-19\/\" \/>\n<meta property=\"og:locale\" content=\"fr_FR\" \/>\n<meta property=\"og:type\" content=\"article\" \/>\n<meta property=\"og:title\" content=\"En cas de sympt\u00f4mes de rhume, veuillez noter &#8211; Wundpraxis Biel\" \/>\n<meta property=\"og:description\" content=\"[vc_row][vc_column width=\u00a0\u00bb2\/3&Prime;][vc_column_text css=\u00a0\u00bb\u00a0\u00bb] Mesures de pr\u00e9vention contre les rhume ainsi que la grippe et les infections au COVID-19. &nbsp; En cas de sympt\u00f4mes de rhume, nous vous prions de porter un masque et de vous d\u00e9sinfecter les mains. Nous vous remercions de votre compr\u00e9hension\u00a0! Susanne Wigger[\/vc_column_text][\/vc_column][vc_column width=\u00a0\u00bb1\/3&Prime;][\/vc_column][\/vc_row]\" \/>\n<meta property=\"og:url\" content=\"https:\/\/wundpraxis-biel.ch\/fr\/mesures-de-prevention-contre-le-covid-19\/\" \/>\n<meta property=\"og:site_name\" content=\"Wundpraxis Biel\" \/>\n<meta property=\"article:modified_time\" content=\"2025-12-01T07:32:40+00:00\" \/>\n<meta property=\"og:image\" content=\"https:\/\/wundpraxis-biel.ch\/wp-content\/uploads\/2020\/10\/wp_folge05.jpg\" \/>\n\t<meta property=\"og:image:width\" content=\"1250\" \/>\n\t<meta property=\"og:image:height\" content=\"536\" \/>\n\t<meta property=\"og:image:type\" content=\"image\/jpeg\" \/>\n<meta name=\"twitter:card\" content=\"summary_large_image\" \/>\n<meta name=\"twitter:label1\" content=\"Dur\u00e9e de lecture estim\u00e9e\" \/>\n\t<meta name=\"twitter:data1\" content=\"1 minute\" \/>\n<script type=\"application\/ld+json\" class=\"yoast-schema-graph\">{\"@context\":\"https:\/\/schema.org\",\"@graph\":[{\"@type\":\"WebPage\",\"@id\":\"https:\/\/wundpraxis-biel.ch\/fr\/mesures-de-prevention-contre-le-covid-19\/\",\"url\":\"https:\/\/wundpraxis-biel.ch\/fr\/mesures-de-prevention-contre-le-covid-19\/\",\"name\":\"En cas de sympt\u00f4mes de rhume, veuillez noter &#8211; Wundpraxis Biel\",\"isPartOf\":{\"@id\":\"https:\/\/wundpraxis-biel.ch\/#website\"},\"primaryImageOfPage\":{\"@id\":\"https:\/\/wundpraxis-biel.ch\/fr\/mesures-de-prevention-contre-le-covid-19\/#primaryimage\"},\"image\":{\"@id\":\"https:\/\/wundpraxis-biel.ch\/fr\/mesures-de-prevention-contre-le-covid-19\/#primaryimage\"},\"thumbnailUrl\":\"https:\/\/wundpraxis-biel.ch\/wp-content\/uploads\/2020\/10\/wp_folge05.jpg\",\"datePublished\":\"2020-10-06T14:17:00+00:00\",\"dateModified\":\"2025-12-01T07:32:40+00:00\",\"breadcrumb\":{\"@id\":\"https:\/\/wundpraxis-biel.ch\/fr\/mesures-de-prevention-contre-le-covid-19\/#breadcrumb\"},\"inLanguage\":\"fr-FR\",\"potentialAction\":[{\"@type\":\"ReadAction\",\"target\":[\"https:\/\/wundpraxis-biel.ch\/fr\/mesures-de-prevention-contre-le-covid-19\/\"]}]},{\"@type\":\"ImageObject\",\"inLanguage\":\"fr-FR\",\"@id\":\"https:\/\/wundpraxis-biel.ch\/fr\/mesures-de-prevention-contre-le-covid-19\/#primaryimage\",\"url\":\"https:\/\/wundpraxis-biel.ch\/wp-content\/uploads\/2020\/10\/wp_folge05.jpg\",\"contentUrl\":\"https:\/\/wundpraxis-biel.ch\/wp-content\/uploads\/2020\/10\/wp_folge05.jpg\",\"width\":1250,\"height\":536},{\"@type\":\"BreadcrumbList\",\"@id\":\"https:\/\/wundpraxis-biel.ch\/fr\/mesures-de-prevention-contre-le-covid-19\/#breadcrumb\",\"itemListElement\":[{\"@type\":\"ListItem\",\"position\":1,\"name\":\"Startseite\",\"item\":\"https:\/\/wundpraxis-biel.ch\/fr\/presentation\/\"},{\"@type\":\"ListItem\",\"position\":2,\"name\":\"En cas de sympt\u00f4mes de rhume, veuillez noter\"}]},{\"@type\":\"WebSite\",\"@id\":\"https:\/\/wundpraxis-biel.ch\/#website\",\"url\":\"https:\/\/wundpraxis-biel.ch\/\",\"name\":\"Wundpraxis Biel\",\"description\":\"\",\"publisher\":{\"@id\":\"https:\/\/wundpraxis-biel.ch\/#organization\"},\"potentialAction\":[{\"@type\":\"SearchAction\",\"target\":{\"@type\":\"EntryPoint\",\"urlTemplate\":\"https:\/\/wundpraxis-biel.ch\/?s={search_term_string}\"},\"query-input\":{\"@type\":\"PropertyValueSpecification\",\"valueRequired\":true,\"valueName\":\"search_term_string\"}}],\"inLanguage\":\"fr-FR\"},{\"@type\":\"Organization\",\"@id\":\"https:\/\/wundpraxis-biel.ch\/#organization\",\"name\":\"Wundpraxis Biel\",\"url\":\"https:\/\/wundpraxis-biel.ch\/\",\"logo\":{\"@type\":\"ImageObject\",\"inLanguage\":\"fr-FR\",\"@id\":\"https:\/\/wundpraxis-biel.ch\/#\/schema\/logo\/image\/\",\"url\":\"https:\/\/wundpraxis-biel.ch\/wp-content\/uploads\/2016\/10\/Wundpraxis_Biel.png\",\"contentUrl\":\"https:\/\/wundpraxis-biel.ch\/wp-content\/uploads\/2016\/10\/Wundpraxis_Biel.png\",\"width\":417,\"height\":66,\"caption\":\"Wundpraxis Biel\"},\"image\":{\"@id\":\"https:\/\/wundpraxis-biel.ch\/#\/schema\/logo\/image\/\"}}]}<\/script>\n<!-- \/ Yoast SEO plugin. -->","yoast_head_json":{"title":"En cas de sympt\u00f4mes de rhume, veuillez noter &#8211; Wundpraxis Biel","robots":{"index":"index","follow":"follow","max-snippet":"max-snippet:-1","max-image-preview":"max-image-preview:large","max-video-preview":"max-video-preview:-1"},"canonical":"https:\/\/wundpraxis-biel.ch\/fr\/mesures-de-prevention-contre-le-covid-19\/","og_locale":"fr_FR","og_type":"article","og_title":"En cas de sympt\u00f4mes de rhume, veuillez noter &#8211; Wundpraxis Biel","og_description":"[vc_row][vc_column width=\u00a0\u00bb2\/3&Prime;][vc_column_text css=\u00a0\u00bb\u00a0\u00bb] Mesures de pr\u00e9vention contre les rhume ainsi que la grippe et les infections au COVID-19. &nbsp; En cas de sympt\u00f4mes de rhume, nous vous prions de porter un masque et de vous d\u00e9sinfecter les mains. Nous vous remercions de votre compr\u00e9hension\u00a0! Susanne Wigger[\/vc_column_text][\/vc_column][vc_column width=\u00a0\u00bb1\/3&Prime;][\/vc_column][\/vc_row]","og_url":"https:\/\/wundpraxis-biel.ch\/fr\/mesures-de-prevention-contre-le-covid-19\/","og_site_name":"Wundpraxis Biel","article_modified_time":"2025-12-01T07:32:40+00:00","og_image":[{"width":1250,"height":536,"url":"https:\/\/wundpraxis-biel.ch\/wp-content\/uploads\/2020\/10\/wp_folge05.jpg","type":"image\/jpeg"}],"twitter_card":"summary_large_image","twitter_misc":{"Dur\u00e9e de lecture estim\u00e9e":"1 minute"},"schema":{"@context":"https:\/\/schema.org","@graph":[{"@type":"WebPage","@id":"https:\/\/wundpraxis-biel.ch\/fr\/mesures-de-prevention-contre-le-covid-19\/","url":"https:\/\/wundpraxis-biel.ch\/fr\/mesures-de-prevention-contre-le-covid-19\/","name":"En cas de sympt\u00f4mes de rhume, veuillez noter &#8211; Wundpraxis Biel","isPartOf":{"@id":"https:\/\/wundpraxis-biel.ch\/#website"},"primaryImageOfPage":{"@id":"https:\/\/wundpraxis-biel.ch\/fr\/mesures-de-prevention-contre-le-covid-19\/#primaryimage"},"image":{"@id":"https:\/\/wundpraxis-biel.ch\/fr\/mesures-de-prevention-contre-le-covid-19\/#primaryimage"},"thumbnailUrl":"https:\/\/wundpraxis-biel.ch\/wp-content\/uploads\/2020\/10\/wp_folge05.jpg","datePublished":"2020-10-06T14:17:00+00:00","dateModified":"2025-12-01T07:32:40+00:00","breadcrumb":{"@id":"https:\/\/wundpraxis-biel.ch\/fr\/mesures-de-prevention-contre-le-covid-19\/#breadcrumb"},"inLanguage":"fr-FR","potentialAction":[{"@type":"ReadAction","target":["https:\/\/wundpraxis-biel.ch\/fr\/mesures-de-prevention-contre-le-covid-19\/"]}]},{"@type":"ImageObject","inLanguage":"fr-FR","@id":"https:\/\/wundpraxis-biel.ch\/fr\/mesures-de-prevention-contre-le-covid-19\/#primaryimage","url":"https:\/\/wundpraxis-biel.ch\/wp-content\/uploads\/2020\/10\/wp_folge05.jpg","contentUrl":"https:\/\/wundpraxis-biel.ch\/wp-content\/uploads\/2020\/10\/wp_folge05.jpg","width":1250,"height":536},{"@type":"BreadcrumbList","@id":"https:\/\/wundpraxis-biel.ch\/fr\/mesures-de-prevention-contre-le-covid-19\/#breadcrumb","itemListElement":[{"@type":"ListItem","position":1,"name":"Startseite","item":"https:\/\/wundpraxis-biel.ch\/fr\/presentation\/"},{"@type":"ListItem","position":2,"name":"En cas de sympt\u00f4mes de rhume, veuillez noter"}]},{"@type":"WebSite","@id":"https:\/\/wundpraxis-biel.ch\/#website","url":"https:\/\/wundpraxis-biel.ch\/","name":"Wundpraxis Biel","description":"","publisher":{"@id":"https:\/\/wundpraxis-biel.ch\/#organization"},"potentialAction":[{"@type":"SearchAction","target":{"@type":"EntryPoint","urlTemplate":"https:\/\/wundpraxis-biel.ch\/?s={search_term_string}"},"query-input":{"@type":"PropertyValueSpecification","valueRequired":true,"valueName":"search_term_string"}}],"inLanguage":"fr-FR"},{"@type":"Organization","@id":"https:\/\/wundpraxis-biel.ch\/#organization","name":"Wundpraxis Biel","url":"https:\/\/wundpraxis-biel.ch\/","logo":{"@type":"ImageObject","inLanguage":"fr-FR","@id":"https:\/\/wundpraxis-biel.ch\/#\/schema\/logo\/image\/","url":"https:\/\/wundpraxis-biel.ch\/wp-content\/uploads\/2016\/10\/Wundpraxis_Biel.png","contentUrl":"https:\/\/wundpraxis-biel.ch\/wp-content\/uploads\/2016\/10\/Wundpraxis_Biel.png","width":417,"height":66,"caption":"Wundpraxis Biel"},"image":{"@id":"https:\/\/wundpraxis-biel.ch\/#\/schema\/logo\/image\/"}}]}},"_links":{"self":[{"href":"https:\/\/wundpraxis-biel.ch\/fr\/wp-json\/wp\/v2\/pages\/607","targetHints":{"allow":["GET"]}}],"collection":[{"href":"https:\/\/wundpraxis-biel.ch\/fr\/wp-json\/wp\/v2\/pages"}],"about":[{"href":"https:\/\/wundpraxis-biel.ch\/fr\/wp-json\/wp\/v2\/types\/page"}],"author":[{"embeddable":true,"href":"https:\/\/wundpraxis-biel.ch\/fr\/wp-json\/wp\/v2\/users\/2"}],"replies":[{"embeddable":true,"href":"https:\/\/wundpraxis-biel.ch\/fr\/wp-json\/wp\/v2\/comments?post=607"}],"version-history":[{"count":11,"href":"https:\/\/wundpraxis-biel.ch\/fr\/wp-json\/wp\/v2\/pages\/607\/revisions"}],"predecessor-version":[{"id":834,"href":"https:\/\/wundpraxis-biel.ch\/fr\/wp-json\/wp\/v2\/pages\/607\/revisions\/834"}],"wp:featuredmedia":[{"embeddable":true,"href":"https:\/\/wundpraxis-biel.ch\/fr\/wp-json\/wp\/v2\/media\/663"}],"wp:attachment":[{"href":"https:\/\/wundpraxis-biel.ch\/fr\/wp-json\/wp\/v2\/media?parent=607"}],"curies":[{"name":"wp","href":"https:\/\/api.w.org\/{rel}","templated":true}]}}

En cas de symptômes de rhume, veuillez noter

<div class="wpb-content-wrapper"><p>[vc_row][vc_column width= »2/3&Prime;][vc_column_text css= » »]</p>
<p class="kein-abstand"><strong>Mesures de prévention contre les rhume ainsi que la grippe et les infections au COVID-19.</strong></p>
<p>&nbsp;</p>
<p><strong>En cas de symptômes de rhume, nous vous prions de porter un masque et de vous désinfecter les mains.</strong></p>
<p>Nous vous remercions de votre compréhension !</p>
<p>Susanne Wigger[/vc_column_text][/vc_column][vc_column width= »1/3&Prime;][/vc_column][/vc_row]</p>
</div>

<p>[vc_row][vc_column width= »2/3&Prime;][vc_column_text css= » »] Mesures de prévention contre les rhume ainsi que la grippe et les infections au COVID-19. &nbsp; En cas de symptômes de rhume, nous vous prions de porter un masque et de vous désinfecter les mains. Nous vous remercions de votre compréhension ! Susanne Wigger[/vc_column_text][/vc_column][vc_column width= »1/3&Prime;][/vc_column][/vc_row]</p>

<!-- This site is optimized with the Yoast SEO plugin v27.0 - https://yoast.com/product/yoast-seo-wordpress/ -->
<title>En cas de symptômes de rhume, veuillez noter &#8211; Wundpraxis Biel</title>
<meta name="robots" content="index, follow, max-snippet:-1, max-image-preview:large, max-video-preview:-1" />
<link rel="canonical" href="https://wundpraxis-biel.ch/fr/mesures-de-prevention-contre-le-covid-19/" />
<meta property="og:locale" content="fr_FR" />
<meta property="og:type" content="article" />
<meta property="og:title" content="En cas de symptômes de rhume, veuillez noter &#8211; Wundpraxis Biel" />
<meta property="og:description" content="[vc_row][vc_column width= »2/3&Prime;][vc_column_text css= » »] Mesures de prévention contre les rhume ainsi que la grippe et les infections au COVID-19. &nbsp; En cas de symptômes de rhume, nous vous prions de porter un masque et de vous désinfecter les mains. Nous vous remercions de votre compréhension ! Susanne Wigger[/vc_column_text][/vc_column][vc_column width= »1/3&Prime;][/vc_column][/vc_row]" />
<meta property="og:url" content="https://wundpraxis-biel.ch/fr/mesures-de-prevention-contre-le-covid-19/" />
<meta property="og:site_name" content="Wundpraxis Biel" />
<meta property="article:modified_time" content="2025-12-01T07:32:40+00:00" />
<meta property="og:image" content="https://wundpraxis-biel.ch/wp-content/uploads/2020/10/wp_folge05.jpg" />
	<meta property="og:image:width" content="1250" />
	<meta property="og:image:height" content="536" />
	<meta property="og:image:type" content="image/jpeg" />
<meta name="twitter:card" content="summary_large_image" />
<meta name="twitter:label1" content="Durée de lecture estimée" />
	<meta name="twitter:data1" content="1 minute" />
<script type="application/ld+json" class="yoast-schema-graph">{"@context":"https://schema.org","@graph":[{"@type":"WebPage","@id":"https://wundpraxis-biel.ch/fr/mesures-de-prevention-contre-le-covid-19/","url":"https://wundpraxis-biel.ch/fr/mesures-de-prevention-contre-le-covid-19/","name":"En cas de symptômes de rhume, veuillez noter &#8211; Wundpraxis Biel","isPartOf":{"@id":"https://wundpraxis-biel.ch/#website"},"primaryImageOfPage":{"@id":"https://wundpraxis-biel.ch/fr/mesures-de-prevention-contre-le-covid-19/#primaryimage"},"image":{"@id":"https://wundpraxis-biel.ch/fr/mesures-de-prevention-contre-le-covid-19/#primaryimage"},"thumbnailUrl":"https://wundpraxis-biel.ch/wp-content/uploads/2020/10/wp_folge05.jpg","datePublished":"2020-10-06T14:17:00+00:00","dateModified":"2025-12-01T07:32:40+00:00","breadcrumb":{"@id":"https://wundpraxis-biel.ch/fr/mesures-de-prevention-contre-le-covid-19/#breadcrumb"},"inLanguage":"fr-FR","potentialAction":[{"@type":"ReadAction","target":["https://wundpraxis-biel.ch/fr/mesures-de-prevention-contre-le-covid-19/"]}]},{"@type":"ImageObject","inLanguage":"fr-FR","@id":"https://wundpraxis-biel.ch/fr/mesures-de-prevention-contre-le-covid-19/#primaryimage","url":"https://wundpraxis-biel.ch/wp-content/uploads/2020/10/wp_folge05.jpg","contentUrl":"https://wundpraxis-biel.ch/wp-content/uploads/2020/10/wp_folge05.jpg","width":1250,"height":536},{"@type":"BreadcrumbList","@id":"https://wundpraxis-biel.ch/fr/mesures-de-prevention-contre-le-covid-19/#breadcrumb","itemListElement":[{"@type":"ListItem","position":1,"name":"Startseite","item":"https://wundpraxis-biel.ch/fr/presentation/"},{"@type":"ListItem","position":2,"name":"En cas de symptômes de rhume, veuillez noter"}]},{"@type":"WebSite","@id":"https://wundpraxis-biel.ch/#website","url":"https://wundpraxis-biel.ch/","name":"Wundpraxis Biel","description":"","publisher":{"@id":"https://wundpraxis-biel.ch/#organization"},"potentialAction":[{"@type":"SearchAction","target":{"@type":"EntryPoint","urlTemplate":"https://wundpraxis-biel.ch/?s={search_term_string}"},"query-input":{"@type":"PropertyValueSpecification","valueRequired":true,"valueName":"search_term_string"}}],"inLanguage":"fr-FR"},{"@type":"Organization","@id":"https://wundpraxis-biel.ch/#organization","name":"Wundpraxis Biel","url":"https://wundpraxis-biel.ch/","logo":{"@type":"ImageObject","inLanguage":"fr-FR","@id":"https://wundpraxis-biel.ch/#/schema/logo/image/","url":"https://wundpraxis-biel.ch/wp-content/uploads/2016/10/Wundpraxis_Biel.png","contentUrl":"https://wundpraxis-biel.ch/wp-content/uploads/2016/10/Wundpraxis_Biel.png","width":417,"height":66,"caption":"Wundpraxis Biel"},"image":{"@id":"https://wundpraxis-biel.ch/#/schema/logo/image/"}}]}</script>
<!-- / Yoast SEO plugin. -->

En cas de symptômes de rhume, veuillez noter &#8211; Wundpraxis Biel

[vc_row][vc_column width= »2/3&Prime;][vc_column_text css= » »] Mesures de prévention contre les rhume ainsi que la grippe et les infections au COVID-19. &nbsp; En cas de symptômes de rhume, nous vous prions de porter un masque et de vous désinfecter les mains. Nous vous remercions de votre compréhension ! Susanne Wigger[/vc_column_text][/vc_column][vc_column width= »1/3&Prime;][/vc_column][/vc_row]
