{"id":443,"date":"2017-01-23T10:28:29","date_gmt":"2017-01-23T09:28:29","guid":{"rendered":"https:\/\/wundpraxis-biel.ch\/?page_id=443\/"},"modified":"2025-12-01T08:30:32","modified_gmt":"2025-12-01T07:30:32","slug":"rendez-vous-contact","status":"publish","type":"page","link":"https:\/\/wundpraxis-biel.ch\/fr\/rendez-vous-contact\/","title":{"rendered":"Rendez-vous \/ Contact"},"content":{"rendered":"<div class=\"wpb-content-wrapper\"><p>[vc_row][vc_column][vc_column_text css=\u00a0\u00bb\u00a0\u00bb]<\/p>\n<p class=\"kein-abstand\"><strong>Prise de rendez-vous <\/strong><\/p>\n<ul>\n<li>Le client est envoy\u00e9 par son m\u00e9decin de famille ou un m\u00e9decin sp\u00e9cialiste.<\/li>\n<li>Le client s\u2019annonce personnellement et informe le m\u00e9decin comp\u00e9tent.<\/li>\n<li>Les demandes de rendez-vous peuvent \u00eatre faites par \u00e9crit ou par t\u00e9l\u00e9phone.<\/li>\n<li>Pour la premi\u00e8re consultation, nous avons besoin de votre carte de caisse-maladie<\/li>\n<li>Nous comptons environ une heure pour une \u00e9valuation d\u00e9taill\u00e9e.<\/li>\n<\/ul>\n<p><strong>Contact<br \/>\n<\/strong>Wundpraxis Biel<br \/>\nRue du Fer 11<br \/>\n2502 Bienne<\/p>\n<p>T\u00e9l\u00e9phone: 032 344 46 62 (Heures de t\u00e9l\u00e9phone : Lundi \u2013 Vendredi de 8h00 \u00e0 16h00)<br \/>\nCourriel:\u00a0<a href=\"mailto:wundpraxis-biel@hin.ch\">wundpraxis-biel@hin.ch<\/a>[\/vc_column_text][vc_single_image image=\u00a0\u00bb761&Prime; img_size=\u00a0\u00bbfull\u00a0\u00bb style=\u00a0\u00bbvc_box_rounded\u00a0\u00bb css=\u00a0\u00bb.vc_custom_1734515240741{margin-top: 60px !important;margin-bottom: 65px !important;}\u00a0\u00bb][\/vc_column][\/vc_row]<\/p>\n<\/div>","protected":false},"excerpt":{"rendered":"<p>[vc_row][vc_column][vc_column_text css=\u00a0\u00bb\u00a0\u00bb] Prise de rendez-vous Le client est envoy\u00e9 par son m\u00e9decin de famille ou un m\u00e9decin sp\u00e9cialiste. Le client s\u2019annonce personnellement et informe le m\u00e9decin comp\u00e9tent. Les demandes de rendez-vous peuvent \u00eatre faites par \u00e9crit ou par t\u00e9l\u00e9phone. Pour la premi\u00e8re consultation, nous avons besoin de votre carte de caisse-maladie Nous comptons environ une &#8230; <a title=\"Rendez-vous \/ Contact\" class=\"read-more\" href=\"https:\/\/wundpraxis-biel.ch\/fr\/rendez-vous-contact\/\" aria-label=\"En savoir plus sur Rendez-vous \/ Contact\">Lire la suite<\/a><\/p>\n","protected":false},"author":1,"featured_media":827,"parent":0,"menu_order":40,"comment_status":"closed","ping_status":"closed","template":"","meta":{"footnotes":""},"class_list":["post-443","page","type-page","status-publish","has-post-thumbnail"],"yoast_head":"<!-- This site is optimized with the Yoast SEO plugin v27.0 - https:\/\/yoast.com\/product\/yoast-seo-wordpress\/ -->\n<title>Rendez-vous \/ Contact &#8211; Wundpraxis Biel<\/title>\n<meta name=\"robots\" content=\"index, follow, max-snippet:-1, max-image-preview:large, max-video-preview:-1\" \/>\n<link rel=\"canonical\" href=\"https:\/\/wundpraxis-biel.ch\/fr\/rendez-vous-contact\/\" \/>\n<meta property=\"og:locale\" content=\"fr_FR\" \/>\n<meta property=\"og:type\" content=\"article\" \/>\n<meta property=\"og:title\" content=\"Rendez-vous \/ Contact &#8211; Wundpraxis Biel\" \/>\n<meta property=\"og:description\" content=\"[vc_row][vc_column][vc_column_text css=\u00a0\u00bb\u00a0\u00bb] Prise de rendez-vous Le client est envoy\u00e9 par son m\u00e9decin de famille ou un m\u00e9decin sp\u00e9cialiste. Le client s\u2019annonce personnellement et informe le m\u00e9decin comp\u00e9tent. Les demandes de rendez-vous peuvent \u00eatre faites par \u00e9crit ou par t\u00e9l\u00e9phone. Pour la premi\u00e8re consultation, nous avons besoin de votre carte de caisse-maladie Nous comptons environ une ... Lire la suite\" \/>\n<meta property=\"og:url\" content=\"https:\/\/wundpraxis-biel.ch\/fr\/rendez-vous-contact\/\" \/>\n<meta property=\"og:site_name\" content=\"Wundpraxis Biel\" \/>\n<meta property=\"article:modified_time\" content=\"2025-12-01T07:30:32+00:00\" \/>\n<meta property=\"og:image\" content=\"https:\/\/wundpraxis-biel.ch\/wp-content\/uploads\/2025\/11\/Wundpraxis-Biel-Tuerbeschriftung.webp\" \/>\n\t<meta property=\"og:image:width\" content=\"1920\" \/>\n\t<meta property=\"og:image:height\" content=\"823\" \/>\n\t<meta property=\"og:image:type\" content=\"image\/webp\" \/>\n<meta name=\"twitter:card\" content=\"summary_large_image\" \/>\n<meta name=\"twitter:label1\" content=\"Dur\u00e9e de lecture estim\u00e9e\" \/>\n\t<meta name=\"twitter:data1\" content=\"1 minute\" \/>\n<script type=\"application\/ld+json\" class=\"yoast-schema-graph\">{\"@context\":\"https:\/\/schema.org\",\"@graph\":[{\"@type\":\"WebPage\",\"@id\":\"https:\/\/wundpraxis-biel.ch\/fr\/rendez-vous-contact\/\",\"url\":\"https:\/\/wundpraxis-biel.ch\/fr\/rendez-vous-contact\/\",\"name\":\"Rendez-vous \/ Contact &#8211; Wundpraxis Biel\",\"isPartOf\":{\"@id\":\"https:\/\/wundpraxis-biel.ch\/#website\"},\"primaryImageOfPage\":{\"@id\":\"https:\/\/wundpraxis-biel.ch\/fr\/rendez-vous-contact\/#primaryimage\"},\"image\":{\"@id\":\"https:\/\/wundpraxis-biel.ch\/fr\/rendez-vous-contact\/#primaryimage\"},\"thumbnailUrl\":\"https:\/\/wundpraxis-biel.ch\/wp-content\/uploads\/2025\/11\/Wundpraxis-Biel-Tuerbeschriftung.webp\",\"datePublished\":\"2017-01-23T09:28:29+00:00\",\"dateModified\":\"2025-12-01T07:30:32+00:00\",\"breadcrumb\":{\"@id\":\"https:\/\/wundpraxis-biel.ch\/fr\/rendez-vous-contact\/#breadcrumb\"},\"inLanguage\":\"fr-FR\",\"potentialAction\":[{\"@type\":\"ReadAction\",\"target\":[\"https:\/\/wundpraxis-biel.ch\/fr\/rendez-vous-contact\/\"]}]},{\"@type\":\"ImageObject\",\"inLanguage\":\"fr-FR\",\"@id\":\"https:\/\/wundpraxis-biel.ch\/fr\/rendez-vous-contact\/#primaryimage\",\"url\":\"https:\/\/wundpraxis-biel.ch\/wp-content\/uploads\/2025\/11\/Wundpraxis-Biel-Tuerbeschriftung.webp\",\"contentUrl\":\"https:\/\/wundpraxis-biel.ch\/wp-content\/uploads\/2025\/11\/Wundpraxis-Biel-Tuerbeschriftung.webp\",\"width\":1920,\"height\":823},{\"@type\":\"BreadcrumbList\",\"@id\":\"https:\/\/wundpraxis-biel.ch\/fr\/rendez-vous-contact\/#breadcrumb\",\"itemListElement\":[{\"@type\":\"ListItem\",\"position\":1,\"name\":\"Startseite\",\"item\":\"https:\/\/wundpraxis-biel.ch\/fr\/presentation\/\"},{\"@type\":\"ListItem\",\"position\":2,\"name\":\"Rendez-vous \/ Contact\"}]},{\"@type\":\"WebSite\",\"@id\":\"https:\/\/wundpraxis-biel.ch\/#website\",\"url\":\"https:\/\/wundpraxis-biel.ch\/\",\"name\":\"Wundpraxis Biel\",\"description\":\"\",\"publisher\":{\"@id\":\"https:\/\/wundpraxis-biel.ch\/#organization\"},\"potentialAction\":[{\"@type\":\"SearchAction\",\"target\":{\"@type\":\"EntryPoint\",\"urlTemplate\":\"https:\/\/wundpraxis-biel.ch\/?s={search_term_string}\"},\"query-input\":{\"@type\":\"PropertyValueSpecification\",\"valueRequired\":true,\"valueName\":\"search_term_string\"}}],\"inLanguage\":\"fr-FR\"},{\"@type\":\"Organization\",\"@id\":\"https:\/\/wundpraxis-biel.ch\/#organization\",\"name\":\"Wundpraxis Biel\",\"url\":\"https:\/\/wundpraxis-biel.ch\/\",\"logo\":{\"@type\":\"ImageObject\",\"inLanguage\":\"fr-FR\",\"@id\":\"https:\/\/wundpraxis-biel.ch\/#\/schema\/logo\/image\/\",\"url\":\"https:\/\/wundpraxis-biel.ch\/wp-content\/uploads\/2016\/10\/Wundpraxis_Biel.png\",\"contentUrl\":\"https:\/\/wundpraxis-biel.ch\/wp-content\/uploads\/2016\/10\/Wundpraxis_Biel.png\",\"width\":417,\"height\":66,\"caption\":\"Wundpraxis Biel\"},\"image\":{\"@id\":\"https:\/\/wundpraxis-biel.ch\/#\/schema\/logo\/image\/\"}}]}<\/script>\n<!-- \/ Yoast SEO plugin. -->","yoast_head_json":{"title":"Rendez-vous \/ Contact &#8211; Wundpraxis Biel","robots":{"index":"index","follow":"follow","max-snippet":"max-snippet:-1","max-image-preview":"max-image-preview:large","max-video-preview":"max-video-preview:-1"},"canonical":"https:\/\/wundpraxis-biel.ch\/fr\/rendez-vous-contact\/","og_locale":"fr_FR","og_type":"article","og_title":"Rendez-vous \/ Contact &#8211; Wundpraxis Biel","og_description":"[vc_row][vc_column][vc_column_text css=\u00a0\u00bb\u00a0\u00bb] Prise de rendez-vous Le client est envoy\u00e9 par son m\u00e9decin de famille ou un m\u00e9decin sp\u00e9cialiste. Le client s\u2019annonce personnellement et informe le m\u00e9decin comp\u00e9tent. Les demandes de rendez-vous peuvent \u00eatre faites par \u00e9crit ou par t\u00e9l\u00e9phone. Pour la premi\u00e8re consultation, nous avons besoin de votre carte de caisse-maladie Nous comptons environ une ... Lire la suite","og_url":"https:\/\/wundpraxis-biel.ch\/fr\/rendez-vous-contact\/","og_site_name":"Wundpraxis Biel","article_modified_time":"2025-12-01T07:30:32+00:00","og_image":[{"width":1920,"height":823,"url":"https:\/\/wundpraxis-biel.ch\/wp-content\/uploads\/2025\/11\/Wundpraxis-Biel-Tuerbeschriftung.webp","type":"image\/webp"}],"twitter_card":"summary_large_image","twitter_misc":{"Dur\u00e9e de lecture estim\u00e9e":"1 minute"},"schema":{"@context":"https:\/\/schema.org","@graph":[{"@type":"WebPage","@id":"https:\/\/wundpraxis-biel.ch\/fr\/rendez-vous-contact\/","url":"https:\/\/wundpraxis-biel.ch\/fr\/rendez-vous-contact\/","name":"Rendez-vous \/ Contact &#8211; Wundpraxis Biel","isPartOf":{"@id":"https:\/\/wundpraxis-biel.ch\/#website"},"primaryImageOfPage":{"@id":"https:\/\/wundpraxis-biel.ch\/fr\/rendez-vous-contact\/#primaryimage"},"image":{"@id":"https:\/\/wundpraxis-biel.ch\/fr\/rendez-vous-contact\/#primaryimage"},"thumbnailUrl":"https:\/\/wundpraxis-biel.ch\/wp-content\/uploads\/2025\/11\/Wundpraxis-Biel-Tuerbeschriftung.webp","datePublished":"2017-01-23T09:28:29+00:00","dateModified":"2025-12-01T07:30:32+00:00","breadcrumb":{"@id":"https:\/\/wundpraxis-biel.ch\/fr\/rendez-vous-contact\/#breadcrumb"},"inLanguage":"fr-FR","potentialAction":[{"@type":"ReadAction","target":["https:\/\/wundpraxis-biel.ch\/fr\/rendez-vous-contact\/"]}]},{"@type":"ImageObject","inLanguage":"fr-FR","@id":"https:\/\/wundpraxis-biel.ch\/fr\/rendez-vous-contact\/#primaryimage","url":"https:\/\/wundpraxis-biel.ch\/wp-content\/uploads\/2025\/11\/Wundpraxis-Biel-Tuerbeschriftung.webp","contentUrl":"https:\/\/wundpraxis-biel.ch\/wp-content\/uploads\/2025\/11\/Wundpraxis-Biel-Tuerbeschriftung.webp","width":1920,"height":823},{"@type":"BreadcrumbList","@id":"https:\/\/wundpraxis-biel.ch\/fr\/rendez-vous-contact\/#breadcrumb","itemListElement":[{"@type":"ListItem","position":1,"name":"Startseite","item":"https:\/\/wundpraxis-biel.ch\/fr\/presentation\/"},{"@type":"ListItem","position":2,"name":"Rendez-vous \/ Contact"}]},{"@type":"WebSite","@id":"https:\/\/wundpraxis-biel.ch\/#website","url":"https:\/\/wundpraxis-biel.ch\/","name":"Wundpraxis Biel","description":"","publisher":{"@id":"https:\/\/wundpraxis-biel.ch\/#organization"},"potentialAction":[{"@type":"SearchAction","target":{"@type":"EntryPoint","urlTemplate":"https:\/\/wundpraxis-biel.ch\/?s={search_term_string}"},"query-input":{"@type":"PropertyValueSpecification","valueRequired":true,"valueName":"search_term_string"}}],"inLanguage":"fr-FR"},{"@type":"Organization","@id":"https:\/\/wundpraxis-biel.ch\/#organization","name":"Wundpraxis Biel","url":"https:\/\/wundpraxis-biel.ch\/","logo":{"@type":"ImageObject","inLanguage":"fr-FR","@id":"https:\/\/wundpraxis-biel.ch\/#\/schema\/logo\/image\/","url":"https:\/\/wundpraxis-biel.ch\/wp-content\/uploads\/2016\/10\/Wundpraxis_Biel.png","contentUrl":"https:\/\/wundpraxis-biel.ch\/wp-content\/uploads\/2016\/10\/Wundpraxis_Biel.png","width":417,"height":66,"caption":"Wundpraxis Biel"},"image":{"@id":"https:\/\/wundpraxis-biel.ch\/#\/schema\/logo\/image\/"}}]}},"_links":{"self":[{"href":"https:\/\/wundpraxis-biel.ch\/fr\/wp-json\/wp\/v2\/pages\/443","targetHints":{"allow":["GET"]}}],"collection":[{"href":"https:\/\/wundpraxis-biel.ch\/fr\/wp-json\/wp\/v2\/pages"}],"about":[{"href":"https:\/\/wundpraxis-biel.ch\/fr\/wp-json\/wp\/v2\/types\/page"}],"author":[{"embeddable":true,"href":"https:\/\/wundpraxis-biel.ch\/fr\/wp-json\/wp\/v2\/users\/1"}],"replies":[{"embeddable":true,"href":"https:\/\/wundpraxis-biel.ch\/fr\/wp-json\/wp\/v2\/comments?post=443"}],"version-history":[{"count":11,"href":"https:\/\/wundpraxis-biel.ch\/fr\/wp-json\/wp\/v2\/pages\/443\/revisions"}],"predecessor-version":[{"id":806,"href":"https:\/\/wundpraxis-biel.ch\/fr\/wp-json\/wp\/v2\/pages\/443\/revisions\/806"}],"wp:featuredmedia":[{"embeddable":true,"href":"https:\/\/wundpraxis-biel.ch\/fr\/wp-json\/wp\/v2\/media\/827"}],"wp:attachment":[{"href":"https:\/\/wundpraxis-biel.ch\/fr\/wp-json\/wp\/v2\/media?parent=443"}],"curies":[{"name":"wp","href":"https:\/\/api.w.org\/{rel}","templated":true}]}}

<div class="wpb-content-wrapper"><p>[vc_row][vc_column][vc_column_text css= » »]</p>
<p class="kein-abstand"><strong>Prise de rendez-vous </strong></p>
<ul>
<li>Le client est envoyé par son médecin de famille ou un médecin spécialiste.</li>
<li>Le client s’annonce personnellement et informe le médecin compétent.</li>
<li>Les demandes de rendez-vous peuvent être faites par écrit ou par téléphone.</li>
<li>Pour la première consultation, nous avons besoin de votre carte de caisse-maladie</li>
<li>Nous comptons environ une heure pour une évaluation détaillée.</li>
</ul>
<p><strong>Contact<br />
</strong>Wundpraxis Biel<br />
Rue du Fer 11<br />
2502 Bienne</p>
<p>Téléphone: 032 344 46 62 (Heures de téléphone : Lundi – Vendredi de 8h00 à 16h00)<br />
Courriel: <a href="mailto:wundpraxis-biel@hin.ch">wundpraxis-biel@hin.ch</a>[/vc_column_text][vc_single_image image= »761&Prime; img_size= »full » style= »vc_box_rounded » css= ».vc_custom_1734515240741{margin-top: 60px !important;margin-bottom: 65px !important;} »][/vc_column][/vc_row]</p>
</div>

<p>[vc_row][vc_column][vc_column_text css= » »] Prise de rendez-vous Le client est envoyé par son médecin de famille ou un médecin spécialiste. Le client s’annonce personnellement et informe le médecin compétent. Les demandes de rendez-vous peuvent être faites par écrit ou par téléphone. Pour la première consultation, nous avons besoin de votre carte de caisse-maladie Nous comptons environ une &#8230; <a title="Rendez-vous / Contact" class="read-more" href="https://wundpraxis-biel.ch/fr/rendez-vous-contact/" aria-label="En savoir plus sur Rendez-vous / Contact">Lire la suite</a></p>

<!-- This site is optimized with the Yoast SEO plugin v27.0 - https://yoast.com/product/yoast-seo-wordpress/ -->
<title>Rendez-vous / Contact &#8211; Wundpraxis Biel</title>
<meta name="robots" content="index, follow, max-snippet:-1, max-image-preview:large, max-video-preview:-1" />
<link rel="canonical" href="https://wundpraxis-biel.ch/fr/rendez-vous-contact/" />
<meta property="og:locale" content="fr_FR" />
<meta property="og:type" content="article" />
<meta property="og:title" content="Rendez-vous / Contact &#8211; Wundpraxis Biel" />
<meta property="og:description" content="[vc_row][vc_column][vc_column_text css= » »] Prise de rendez-vous Le client est envoyé par son médecin de famille ou un médecin spécialiste. Le client s’annonce personnellement et informe le médecin compétent. Les demandes de rendez-vous peuvent être faites par écrit ou par téléphone. Pour la première consultation, nous avons besoin de votre carte de caisse-maladie Nous comptons environ une ... Lire la suite" />
<meta property="og:url" content="https://wundpraxis-biel.ch/fr/rendez-vous-contact/" />
<meta property="og:site_name" content="Wundpraxis Biel" />
<meta property="article:modified_time" content="2025-12-01T07:30:32+00:00" />
<meta property="og:image" content="https://wundpraxis-biel.ch/wp-content/uploads/2025/11/Wundpraxis-Biel-Tuerbeschriftung.webp" />
	<meta property="og:image:width" content="1920" />
	<meta property="og:image:height" content="823" />
	<meta property="og:image:type" content="image/webp" />
<meta name="twitter:card" content="summary_large_image" />
<meta name="twitter:label1" content="Durée de lecture estimée" />
	<meta name="twitter:data1" content="1 minute" />
<script type="application/ld+json" class="yoast-schema-graph">{"@context":"https://schema.org","@graph":[{"@type":"WebPage","@id":"https://wundpraxis-biel.ch/fr/rendez-vous-contact/","url":"https://wundpraxis-biel.ch/fr/rendez-vous-contact/","name":"Rendez-vous / Contact &#8211; Wundpraxis Biel","isPartOf":{"@id":"https://wundpraxis-biel.ch/#website"},"primaryImageOfPage":{"@id":"https://wundpraxis-biel.ch/fr/rendez-vous-contact/#primaryimage"},"image":{"@id":"https://wundpraxis-biel.ch/fr/rendez-vous-contact/#primaryimage"},"thumbnailUrl":"https://wundpraxis-biel.ch/wp-content/uploads/2025/11/Wundpraxis-Biel-Tuerbeschriftung.webp","datePublished":"2017-01-23T09:28:29+00:00","dateModified":"2025-12-01T07:30:32+00:00","breadcrumb":{"@id":"https://wundpraxis-biel.ch/fr/rendez-vous-contact/#breadcrumb"},"inLanguage":"fr-FR","potentialAction":[{"@type":"ReadAction","target":["https://wundpraxis-biel.ch/fr/rendez-vous-contact/"]}]},{"@type":"ImageObject","inLanguage":"fr-FR","@id":"https://wundpraxis-biel.ch/fr/rendez-vous-contact/#primaryimage","url":"https://wundpraxis-biel.ch/wp-content/uploads/2025/11/Wundpraxis-Biel-Tuerbeschriftung.webp","contentUrl":"https://wundpraxis-biel.ch/wp-content/uploads/2025/11/Wundpraxis-Biel-Tuerbeschriftung.webp","width":1920,"height":823},{"@type":"BreadcrumbList","@id":"https://wundpraxis-biel.ch/fr/rendez-vous-contact/#breadcrumb","itemListElement":[{"@type":"ListItem","position":1,"name":"Startseite","item":"https://wundpraxis-biel.ch/fr/presentation/"},{"@type":"ListItem","position":2,"name":"Rendez-vous / Contact"}]},{"@type":"WebSite","@id":"https://wundpraxis-biel.ch/#website","url":"https://wundpraxis-biel.ch/","name":"Wundpraxis Biel","description":"","publisher":{"@id":"https://wundpraxis-biel.ch/#organization"},"potentialAction":[{"@type":"SearchAction","target":{"@type":"EntryPoint","urlTemplate":"https://wundpraxis-biel.ch/?s={search_term_string}"},"query-input":{"@type":"PropertyValueSpecification","valueRequired":true,"valueName":"search_term_string"}}],"inLanguage":"fr-FR"},{"@type":"Organization","@id":"https://wundpraxis-biel.ch/#organization","name":"Wundpraxis Biel","url":"https://wundpraxis-biel.ch/","logo":{"@type":"ImageObject","inLanguage":"fr-FR","@id":"https://wundpraxis-biel.ch/#/schema/logo/image/","url":"https://wundpraxis-biel.ch/wp-content/uploads/2016/10/Wundpraxis_Biel.png","contentUrl":"https://wundpraxis-biel.ch/wp-content/uploads/2016/10/Wundpraxis_Biel.png","width":417,"height":66,"caption":"Wundpraxis Biel"},"image":{"@id":"https://wundpraxis-biel.ch/#/schema/logo/image/"}}]}</script>
<!-- / Yoast SEO plugin. -->

[vc_row][vc_column][vc_column_text css= » »] Prise de rendez-vous Le client est envoyé par son médecin de famille ou un médecin spécialiste. Le client s’annonce personnellement et informe le médecin compétent. Les demandes de rendez-vous peuvent être faites par écrit ou par téléphone. Pour la première consultation, nous avons besoin de votre carte de caisse-maladie Nous comptons environ une ... Lire la suite
