{"version":"1.0","provider_name":"Wundpraxis Biel","provider_url":"https:\/\/wundpraxis-biel.ch\/fr\/","author_name":"dav","author_url":"https:\/\/wundpraxis-biel.ch\/fr\/author\/dav\/","title":"Portraits &#8211; Wundpraxis Biel","type":"rich","width":600,"height":338,"html":"<blockquote class=\"wp-embedded-content\" data-secret=\"BvC85qF8UI\"><a href=\"https:\/\/wundpraxis-biel.ch\/fr\/portraits\/\">Portraits<\/a><\/blockquote><iframe sandbox=\"allow-scripts\" security=\"restricted\" src=\"https:\/\/wundpraxis-biel.ch\/fr\/portraits\/embed\/#?secret=BvC85qF8UI\" width=\"600\" height=\"338\" title=\"\u00ab\u00a0Portraits\u00a0\u00bb &#8212; Wundpraxis Biel\" data-secret=\"BvC85qF8UI\" frameborder=\"0\" marginwidth=\"0\" marginheight=\"0\" scrolling=\"no\" class=\"wp-embedded-content\"><\/iframe><script>\n\/*! This file is auto-generated *\/\n!function(d,l){\"use strict\";l.querySelector&&d.addEventListener&&\"undefined\"!=typeof URL&&(d.wp=d.wp||{},d.wp.receiveEmbedMessage||(d.wp.receiveEmbedMessage=function(e){var t=e.data;if((t||t.secret||t.message||t.value)&&!\/[^a-zA-Z0-9]\/.test(t.secret)){for(var s,r,n,a=l.querySelectorAll('iframe[data-secret=\"'+t.secret+'\"]'),o=l.querySelectorAll('blockquote[data-secret=\"'+t.secret+'\"]'),c=new RegExp(\"^https?:$\",\"i\"),i=0;i<o.length;i++)o[i].style.display=\"none\";for(i=0;i<a.length;i++)s=a[i],e.source===s.contentWindow&&(s.removeAttribute(\"style\"),\"height\"===t.message?(1e3<(r=parseInt(t.value,10))?r=1e3:~~r<200&&(r=200),s.height=r):\"link\"===t.message&&(r=new URL(s.getAttribute(\"src\")),n=new URL(t.value),c.test(n.protocol))&&n.host===r.host&&l.activeElement===s&&(d.top.location.href=t.value))}},d.addEventListener(\"message\",d.wp.receiveEmbedMessage,!1),l.addEventListener(\"DOMContentLoaded\",function(){for(var e,t,s=l.querySelectorAll(\"iframe.wp-embedded-content\"),r=0;r<s.length;r++)(t=(e=s[r]).getAttribute(\"data-secret\"))||(t=Math.random().toString(36).substring(2,12),e.src+=\"#?secret=\"+t,e.setAttribute(\"data-secret\",t)),e.contentWindow.postMessage({message:\"ready\",secret:t},\"*\")},!1)))}(window,document);\n\/\/# sourceURL=https:\/\/wundpraxis-biel.ch\/wp-includes\/js\/wp-embed.min.js\n<\/script>\n","thumbnail_url":"https:\/\/wundpraxis-biel.ch\/wp-content\/uploads\/2024\/12\/Portraet-0235-1.webp","thumbnail_width":1920,"thumbnail_height":823,"description":"[vc_row css=\u00a0\u00bb.vc_custom_1478100836256{margin-top: 60px !important;}\u00a0\u00bb][vc_column width=\u00a0\u00bb1\/4&Prime;][vc_single_image image=\u00a0\u00bb829&Prime; img_size=\u00a0\u00bbfull\u00a0\u00bb css=\u00a0\u00bb\u00a0\u00bb][\/vc_column][vc_column width=\u00a0\u00bb3\/4&Prime;][vc_row_inner][vc_column_inner][vc_column_text css=\u00a0\u00bb\u00a0\u00bb] Susanne Wigger Infirmi\u00e8re ES, experte en soins de plaies SAfW, P\u00e9dicure dipl\u00f4m\u00e9e, Sp\u00e9cialiste en EPI (soins des pieds pour les patients oncologiques) Formation 2016 Formation de p\u00e9dicure dipl\u00f4m\u00e9e 2014 \u2013 2015 Formation en leadership, H-plus Aarau 2012 \u2013 2013 Formation d\u2019experte en soins de plaies ... Lire la suite"}

[vc_row css= ».vc_custom_1478100836256{margin-top: 60px !important;} »][vc_column width= »1/4&Prime;][vc_single_image image= »829&Prime; img_size= »full » css= » »][/vc_column][vc_column width= »3/4&Prime;][vc_row_inner][vc_column_inner][vc_column_text css= » »] Susanne Wigger Infirmière ES, experte en soins de plaies SAfW, Pédicure diplômée, Spécialiste en EPI (soins des pieds pour les patients oncologiques) Formation 2016 Formation de pédicure diplômée 2014 – 2015 Formation en leadership, H-plus Aarau 2012 – 2013 Formation d’experte en soins de plaies ... Lire la suite
